{"id":6786,"date":"2024-02-29T13:38:15","date_gmt":"2024-02-29T12:38:15","guid":{"rendered":"https:\/\/bauen-digital.ch\/?post_type=tribe_events&#038;p=6786"},"modified":"2024-06-13T09:49:40","modified_gmt":"2024-06-13T07:49:40","slug":"vdc-intensivwoche","status":"publish","type":"tribe_events","link":"https:\/\/bauen-digital.ch\/fr\/event\/vdc-intensivwoche\/","title":{"rendered":"VDC Intensivwoche"},"content":{"rendered":"<p>\u00dcbersicht und den Blick aufs Wesentliche behalten, das sind die Hauptziele der VDC Intensivwoche. Sie kann als eigenst\u00e4ndiges Modul oder auch im Rahmen des VDC Certification Programs gebucht werden. Der ideale Anlass f\u00fcr einen kompakten und fundierten Kickstart ins Thema digitales Bauen, oder als Vertiefung f\u00fcr Personen, die bereits erste Erfahrungen sammeln konnten.<\/p>\n<p>In der dreit\u00e4gigen Blockwoche lernen Sie die Grundlagen des digitalen Bauens kennen. Sie lernen die wesentlichen Konzepte kennen und vertiefen diese mit kurzen Workshops. Eine Problemstellung aus dem Alltag, welche Sie selbst bestimmen, begleitet Sie durch die Anwendung und hilft ihnen dabei Themen wie BIM, ICE und PPM direkt mit der Praxis in Verbindung zu bringen. Damit bliebt VDC nicht theoretisch. Es findet direkte Anwendung in der Praxis und generiert einen Mehrwert.<\/p>\n","protected":false},"excerpt":{"rendered":"<p>\u00dcbersicht und den Blick aufs Wesentliche behalten, das sind die Hauptziele der VDC Intensivwoche. Sie kann als eigenst\u00e4ndiges Modul oder auch im Rahmen des VDC Certification Programs gebucht werden. Der ideale Anlass f\u00fcr einen kompakten und fundierten Kickstart ins Thema digitales Bauen, oder als Vertiefung f\u00fcr Personen, die bereits erste&#8230;<\/p>\n","protected":false},"author":2,"featured_media":6787,"template":"","meta":{"_tribe_events_status":"","_tribe_events_status_reason":"","footnotes":"","_links_to":"","_links_to_target":""},"tags":[],"tribe_events_cat":[18],"class_list":["post-6786","tribe_events","type-tribe_events","status-publish","has-post-thumbnail","hentry","tribe_events_cat-mitglieder-events","cat_mitglieder-events"],"yoast_head":"<!-- This site is optimized with the Yoast SEO plugin v27.5 - https:\/\/yoast.com\/product\/yoast-seo-wordpress\/ -->\n<title>VDC Intensivwoche - B\u00e2tir digital Suisse \/ buildingSMART Switzerland<\/title>\n<meta name=\"robots\" content=\"index, follow, max-snippet:-1, max-image-preview:large, max-video-preview:-1\" \/>\n<link rel=\"canonical\" href=\"https:\/\/bauen-digital.ch\/fr\/event\/vdc-intensivwoche\/\" \/>\n<meta property=\"og:locale\" content=\"fr_FR\" \/>\n<meta property=\"og:type\" content=\"article\" \/>\n<meta property=\"og:title\" content=\"VDC Intensivwoche - B\u00e2tir digital Suisse \/ buildingSMART Switzerland\" \/>\n<meta property=\"og:description\" content=\"\u00dcbersicht und den Blick aufs Wesentliche behalten, das sind die Hauptziele der VDC Intensivwoche. Sie kann als eigenst\u00e4ndiges Modul oder auch im Rahmen des VDC Certification Programs gebucht werden. Der ideale Anlass f\u00fcr einen kompakten und fundierten Kickstart ins Thema digitales Bauen, oder als Vertiefung f\u00fcr Personen, die bereits erste...\" \/>\n<meta property=\"og:url\" content=\"https:\/\/bauen-digital.ch\/fr\/event\/vdc-intensivwoche\/\" \/>\n<meta property=\"og:site_name\" content=\"B\u00e2tir digital Suisse \/ buildingSMART Switzerland\" \/>\n<meta property=\"article:modified_time\" content=\"2024-06-13T07:49:40+00:00\" \/>\n<meta property=\"og:image\" content=\"https:\/\/bauen-digital.ch\/wp\/wp-content\/uploads\/VDC-Intensivwoche.jpg\" \/>\n\t<meta property=\"og:image:width\" content=\"1280\" \/>\n\t<meta property=\"og:image:height\" content=\"720\" \/>\n\t<meta property=\"og:image:type\" content=\"image\/jpeg\" \/>\n<meta name=\"twitter:card\" content=\"summary_large_image\" \/>\n<meta name=\"twitter:label1\" content=\"Dur\u00e9e de lecture estim\u00e9e\" \/>\n\t<meta name=\"twitter:data1\" content=\"1 minute\" \/>\n<script type=\"application\/ld+json\" class=\"yoast-schema-graph\">{\"@context\":\"https:\\\/\\\/schema.org\",\"@graph\":[{\"@type\":\"WebPage\",\"@id\":\"https:\\\/\\\/bauen-digital.ch\\\/fr\\\/event\\\/vdc-intensivwoche\\\/\",\"url\":\"https:\\\/\\\/bauen-digital.ch\\\/fr\\\/event\\\/vdc-intensivwoche\\\/\",\"name\":\"VDC Intensivwoche - B\u00e2tir digital Suisse \\\/ buildingSMART Switzerland\",\"isPartOf\":{\"@id\":\"https:\\\/\\\/bauen-digital.ch\\\/fr\\\/#website\"},\"primaryImageOfPage\":{\"@id\":\"https:\\\/\\\/bauen-digital.ch\\\/fr\\\/event\\\/vdc-intensivwoche\\\/#primaryimage\"},\"image\":{\"@id\":\"https:\\\/\\\/bauen-digital.ch\\\/fr\\\/event\\\/vdc-intensivwoche\\\/#primaryimage\"},\"thumbnailUrl\":\"https:\\\/\\\/bauen-digital.ch\\\/wp\\\/wp-content\\\/uploads\\\/VDC-Intensivwoche.jpg\",\"datePublished\":\"2024-02-29T12:38:15+00:00\",\"dateModified\":\"2024-06-13T07:49:40+00:00\",\"breadcrumb\":{\"@id\":\"https:\\\/\\\/bauen-digital.ch\\\/fr\\\/event\\\/vdc-intensivwoche\\\/#breadcrumb\"},\"inLanguage\":\"fr-FR\",\"potentialAction\":[{\"@type\":\"ReadAction\",\"target\":[\"https:\\\/\\\/bauen-digital.ch\\\/fr\\\/event\\\/vdc-intensivwoche\\\/\"]}]},{\"@type\":\"ImageObject\",\"inLanguage\":\"fr-FR\",\"@id\":\"https:\\\/\\\/bauen-digital.ch\\\/fr\\\/event\\\/vdc-intensivwoche\\\/#primaryimage\",\"url\":\"https:\\\/\\\/bauen-digital.ch\\\/wp\\\/wp-content\\\/uploads\\\/VDC-Intensivwoche.jpg\",\"contentUrl\":\"https:\\\/\\\/bauen-digital.ch\\\/wp\\\/wp-content\\\/uploads\\\/VDC-Intensivwoche.jpg\",\"width\":1280,\"height\":720},{\"@type\":\"BreadcrumbList\",\"@id\":\"https:\\\/\\\/bauen-digital.ch\\\/fr\\\/event\\\/vdc-intensivwoche\\\/#breadcrumb\",\"itemListElement\":[{\"@type\":\"ListItem\",\"position\":1,\"name\":\"Startseite\",\"item\":\"https:\\\/\\\/bauen-digital.ch\\\/fr\\\/\"},{\"@type\":\"ListItem\",\"position\":2,\"name\":\"\u00c9v\u00e9nements\",\"item\":\"https:\\\/\\\/bauen-digital.ch\\\/fr\\\/events\\\/\"},{\"@type\":\"ListItem\",\"position\":3,\"name\":\"VDC Intensivwoche\"}]},{\"@type\":\"WebSite\",\"@id\":\"https:\\\/\\\/bauen-digital.ch\\\/fr\\\/#website\",\"url\":\"https:\\\/\\\/bauen-digital.ch\\\/fr\\\/\",\"name\":\"Bauen digital Schweiz \\\/ buildingSMART Switzerland\",\"description\":\"\",\"publisher\":{\"@id\":\"https:\\\/\\\/bauen-digital.ch\\\/fr\\\/#organization\"},\"potentialAction\":[{\"@type\":\"SearchAction\",\"target\":{\"@type\":\"EntryPoint\",\"urlTemplate\":\"https:\\\/\\\/bauen-digital.ch\\\/fr\\\/?s={search_term_string}\"},\"query-input\":{\"@type\":\"PropertyValueSpecification\",\"valueRequired\":true,\"valueName\":\"search_term_string\"}}],\"inLanguage\":\"fr-FR\"},{\"@type\":\"Organization\",\"@id\":\"https:\\\/\\\/bauen-digital.ch\\\/fr\\\/#organization\",\"name\":\"Bauen digital Schweiz \\\/ buildingSMART Switzerland\",\"url\":\"https:\\\/\\\/bauen-digital.ch\\\/fr\\\/\",\"logo\":{\"@type\":\"ImageObject\",\"inLanguage\":\"fr-FR\",\"@id\":\"https:\\\/\\\/bauen-digital.ch\\\/fr\\\/#\\\/schema\\\/logo\\\/image\\\/\",\"url\":\"https:\\\/\\\/bauen-digital.ch\\\/wp\\\/wp-content\\\/uploads\\\/Kombi_Logo_BdS_bSMART_jpg.jpg\",\"contentUrl\":\"https:\\\/\\\/bauen-digital.ch\\\/wp\\\/wp-content\\\/uploads\\\/Kombi_Logo_BdS_bSMART_jpg.jpg\",\"width\":3882,\"height\":778,\"caption\":\"Bauen digital Schweiz \\\/ buildingSMART Switzerland\"},\"image\":{\"@id\":\"https:\\\/\\\/bauen-digital.ch\\\/fr\\\/#\\\/schema\\\/logo\\\/image\\\/\"},\"sameAs\":[\"https:\\\/\\\/www.linkedin.com\\\/company\\\/18609279\\\/admin\\\/dashboard\\\/\"]}]}<\/script>\n<!-- \/ Yoast SEO plugin. -->","yoast_head_json":{"title":"VDC Intensivwoche - B\u00e2tir digital Suisse \/ buildingSMART Switzerland","robots":{"index":"index","follow":"follow","max-snippet":"max-snippet:-1","max-image-preview":"max-image-preview:large","max-video-preview":"max-video-preview:-1"},"canonical":"https:\/\/bauen-digital.ch\/fr\/event\/vdc-intensivwoche\/","og_locale":"fr_FR","og_type":"article","og_title":"VDC Intensivwoche - B\u00e2tir digital Suisse \/ buildingSMART Switzerland","og_description":"\u00dcbersicht und den Blick aufs Wesentliche behalten, das sind die Hauptziele der VDC Intensivwoche. Sie kann als eigenst\u00e4ndiges Modul oder auch im Rahmen des VDC Certification Programs gebucht werden. Der ideale Anlass f\u00fcr einen kompakten und fundierten Kickstart ins Thema digitales Bauen, oder als Vertiefung f\u00fcr Personen, die bereits erste...","og_url":"https:\/\/bauen-digital.ch\/fr\/event\/vdc-intensivwoche\/","og_site_name":"B\u00e2tir digital Suisse \/ buildingSMART Switzerland","article_modified_time":"2024-06-13T07:49:40+00:00","og_image":[{"width":1280,"height":720,"url":"https:\/\/bauen-digital.ch\/wp\/wp-content\/uploads\/VDC-Intensivwoche.jpg","type":"image\/jpeg"}],"twitter_card":"summary_large_image","twitter_misc":{"Dur\u00e9e de lecture estim\u00e9e":"1 minute"},"schema":{"@context":"https:\/\/schema.org","@graph":[{"@type":"WebPage","@id":"https:\/\/bauen-digital.ch\/fr\/event\/vdc-intensivwoche\/","url":"https:\/\/bauen-digital.ch\/fr\/event\/vdc-intensivwoche\/","name":"VDC Intensivwoche - B\u00e2tir digital Suisse \/ buildingSMART Switzerland","isPartOf":{"@id":"https:\/\/bauen-digital.ch\/fr\/#website"},"primaryImageOfPage":{"@id":"https:\/\/bauen-digital.ch\/fr\/event\/vdc-intensivwoche\/#primaryimage"},"image":{"@id":"https:\/\/bauen-digital.ch\/fr\/event\/vdc-intensivwoche\/#primaryimage"},"thumbnailUrl":"https:\/\/bauen-digital.ch\/wp\/wp-content\/uploads\/VDC-Intensivwoche.jpg","datePublished":"2024-02-29T12:38:15+00:00","dateModified":"2024-06-13T07:49:40+00:00","breadcrumb":{"@id":"https:\/\/bauen-digital.ch\/fr\/event\/vdc-intensivwoche\/#breadcrumb"},"inLanguage":"fr-FR","potentialAction":[{"@type":"ReadAction","target":["https:\/\/bauen-digital.ch\/fr\/event\/vdc-intensivwoche\/"]}]},{"@type":"ImageObject","inLanguage":"fr-FR","@id":"https:\/\/bauen-digital.ch\/fr\/event\/vdc-intensivwoche\/#primaryimage","url":"https:\/\/bauen-digital.ch\/wp\/wp-content\/uploads\/VDC-Intensivwoche.jpg","contentUrl":"https:\/\/bauen-digital.ch\/wp\/wp-content\/uploads\/VDC-Intensivwoche.jpg","width":1280,"height":720},{"@type":"BreadcrumbList","@id":"https:\/\/bauen-digital.ch\/fr\/event\/vdc-intensivwoche\/#breadcrumb","itemListElement":[{"@type":"ListItem","position":1,"name":"Startseite","item":"https:\/\/bauen-digital.ch\/fr\/"},{"@type":"ListItem","position":2,"name":"\u00c9v\u00e9nements","item":"https:\/\/bauen-digital.ch\/fr\/events\/"},{"@type":"ListItem","position":3,"name":"VDC Intensivwoche"}]},{"@type":"WebSite","@id":"https:\/\/bauen-digital.ch\/fr\/#website","url":"https:\/\/bauen-digital.ch\/fr\/","name":"Bauen digital Schweiz \/ buildingSMART Switzerland","description":"","publisher":{"@id":"https:\/\/bauen-digital.ch\/fr\/#organization"},"potentialAction":[{"@type":"SearchAction","target":{"@type":"EntryPoint","urlTemplate":"https:\/\/bauen-digital.ch\/fr\/?s={search_term_string}"},"query-input":{"@type":"PropertyValueSpecification","valueRequired":true,"valueName":"search_term_string"}}],"inLanguage":"fr-FR"},{"@type":"Organization","@id":"https:\/\/bauen-digital.ch\/fr\/#organization","name":"Bauen digital Schweiz \/ buildingSMART Switzerland","url":"https:\/\/bauen-digital.ch\/fr\/","logo":{"@type":"ImageObject","inLanguage":"fr-FR","@id":"https:\/\/bauen-digital.ch\/fr\/#\/schema\/logo\/image\/","url":"https:\/\/bauen-digital.ch\/wp\/wp-content\/uploads\/Kombi_Logo_BdS_bSMART_jpg.jpg","contentUrl":"https:\/\/bauen-digital.ch\/wp\/wp-content\/uploads\/Kombi_Logo_BdS_bSMART_jpg.jpg","width":3882,"height":778,"caption":"Bauen digital Schweiz \/ buildingSMART Switzerland"},"image":{"@id":"https:\/\/bauen-digital.ch\/fr\/#\/schema\/logo\/image\/"},"sameAs":["https:\/\/www.linkedin.com\/company\/18609279\/admin\/dashboard\/"]}]}},"_links":{"self":[{"href":"https:\/\/bauen-digital.ch\/fr\/wp-json\/wp\/v2\/tribe_events\/6786","targetHints":{"allow":["GET"]}}],"collection":[{"href":"https:\/\/bauen-digital.ch\/fr\/wp-json\/wp\/v2\/tribe_events"}],"about":[{"href":"https:\/\/bauen-digital.ch\/fr\/wp-json\/wp\/v2\/types\/tribe_events"}],"author":[{"embeddable":true,"href":"https:\/\/bauen-digital.ch\/fr\/wp-json\/wp\/v2\/users\/2"}],"version-history":[{"count":1,"href":"https:\/\/bauen-digital.ch\/fr\/wp-json\/wp\/v2\/tribe_events\/6786\/revisions"}],"predecessor-version":[{"id":6789,"href":"https:\/\/bauen-digital.ch\/fr\/wp-json\/wp\/v2\/tribe_events\/6786\/revisions\/6789"}],"wp:featuredmedia":[{"embeddable":true,"href":"https:\/\/bauen-digital.ch\/fr\/wp-json\/wp\/v2\/media\/6787"}],"wp:attachment":[{"href":"https:\/\/bauen-digital.ch\/fr\/wp-json\/wp\/v2\/media?parent=6786"}],"wp:term":[{"taxonomy":"post_tag","embeddable":true,"href":"https:\/\/bauen-digital.ch\/fr\/wp-json\/wp\/v2\/tags?post=6786"},{"taxonomy":"tribe_events_cat","embeddable":true,"href":"https:\/\/bauen-digital.ch\/fr\/wp-json\/wp\/v2\/tribe_events_cat?post=6786"}],"curies":[{"name":"wp","href":"https:\/\/api.w.org\/{rel}","templated":true}]}}

<p>Übersicht und den Blick aufs Wesentliche behalten, das sind die Hauptziele der VDC Intensivwoche. Sie kann als eigenständiges Modul oder auch im Rahmen des VDC Certification Programs gebucht werden. Der ideale Anlass für einen kompakten und fundierten Kickstart ins Thema digitales Bauen, oder als Vertiefung für Personen, die bereits erste Erfahrungen sammeln konnten.</p>
<p>In der dreitägigen Blockwoche lernen Sie die Grundlagen des digitalen Bauens kennen. Sie lernen die wesentlichen Konzepte kennen und vertiefen diese mit kurzen Workshops. Eine Problemstellung aus dem Alltag, welche Sie selbst bestimmen, begleitet Sie durch die Anwendung und hilft ihnen dabei Themen wie BIM, ICE und PPM direkt mit der Praxis in Verbindung zu bringen. Damit bliebt VDC nicht theoretisch. Es findet direkte Anwendung in der Praxis und generiert einen Mehrwert.</p>

<p>Übersicht und den Blick aufs Wesentliche behalten, das sind die Hauptziele der VDC Intensivwoche. Sie kann als eigenständiges Modul oder auch im Rahmen des VDC Certification Programs gebucht werden. Der ideale Anlass für einen kompakten und fundierten Kickstart ins Thema digitales Bauen, oder als Vertiefung für Personen, die bereits erste&#8230;</p>

<!-- This site is optimized with the Yoast SEO plugin v27.5 - https://yoast.com/product/yoast-seo-wordpress/ -->
<title>VDC Intensivwoche - Bâtir digital Suisse / buildingSMART Switzerland</title>
<meta name="robots" content="index, follow, max-snippet:-1, max-image-preview:large, max-video-preview:-1" />
<link rel="canonical" href="https://bauen-digital.ch/fr/event/vdc-intensivwoche/" />
<meta property="og:locale" content="fr_FR" />
<meta property="og:type" content="article" />
<meta property="og:title" content="VDC Intensivwoche - Bâtir digital Suisse / buildingSMART Switzerland" />
<meta property="og:description" content="Übersicht und den Blick aufs Wesentliche behalten, das sind die Hauptziele der VDC Intensivwoche. Sie kann als eigenständiges Modul oder auch im Rahmen des VDC Certification Programs gebucht werden. Der ideale Anlass für einen kompakten und fundierten Kickstart ins Thema digitales Bauen, oder als Vertiefung für Personen, die bereits erste..." />
<meta property="og:url" content="https://bauen-digital.ch/fr/event/vdc-intensivwoche/" />
<meta property="og:site_name" content="Bâtir digital Suisse / buildingSMART Switzerland" />
<meta property="article:modified_time" content="2024-06-13T07:49:40+00:00" />
<meta property="og:image" content="https://bauen-digital.ch/wp/wp-content/uploads/VDC-Intensivwoche.jpg" />
	<meta property="og:image:width" content="1280" />
	<meta property="og:image:height" content="720" />
	<meta property="og:image:type" content="image/jpeg" />
<meta name="twitter:card" content="summary_large_image" />
<meta name="twitter:label1" content="Durée de lecture estimée" />
	<meta name="twitter:data1" content="1 minute" />
<script type="application/ld+json" class="yoast-schema-graph">{"@context":"https:\/\/schema.org","@graph":[{"@type":"WebPage","@id":"https:\/\/bauen-digital.ch\/fr\/event\/vdc-intensivwoche\/","url":"https:\/\/bauen-digital.ch\/fr\/event\/vdc-intensivwoche\/","name":"VDC Intensivwoche - Bâtir digital Suisse \/ buildingSMART Switzerland","isPartOf":{"@id":"https:\/\/bauen-digital.ch\/fr\/#website"},"primaryImageOfPage":{"@id":"https:\/\/bauen-digital.ch\/fr\/event\/vdc-intensivwoche\/#primaryimage"},"image":{"@id":"https:\/\/bauen-digital.ch\/fr\/event\/vdc-intensivwoche\/#primaryimage"},"thumbnailUrl":"https:\/\/bauen-digital.ch\/wp\/wp-content\/uploads\/VDC-Intensivwoche.jpg","datePublished":"2024-02-29T12:38:15+00:00","dateModified":"2024-06-13T07:49:40+00:00","breadcrumb":{"@id":"https:\/\/bauen-digital.ch\/fr\/event\/vdc-intensivwoche\/#breadcrumb"},"inLanguage":"fr-FR","potentialAction":[{"@type":"ReadAction","target":["https:\/\/bauen-digital.ch\/fr\/event\/vdc-intensivwoche\/"]}]},{"@type":"ImageObject","inLanguage":"fr-FR","@id":"https:\/\/bauen-digital.ch\/fr\/event\/vdc-intensivwoche\/#primaryimage","url":"https:\/\/bauen-digital.ch\/wp\/wp-content\/uploads\/VDC-Intensivwoche.jpg","contentUrl":"https:\/\/bauen-digital.ch\/wp\/wp-content\/uploads\/VDC-Intensivwoche.jpg","width":1280,"height":720},{"@type":"BreadcrumbList","@id":"https:\/\/bauen-digital.ch\/fr\/event\/vdc-intensivwoche\/#breadcrumb","itemListElement":[{"@type":"ListItem","position":1,"name":"Startseite","item":"https:\/\/bauen-digital.ch\/fr\/"},{"@type":"ListItem","position":2,"name":"Événements","item":"https:\/\/bauen-digital.ch\/fr\/events\/"},{"@type":"ListItem","position":3,"name":"VDC Intensivwoche"}]},{"@type":"WebSite","@id":"https:\/\/bauen-digital.ch\/fr\/#website","url":"https:\/\/bauen-digital.ch\/fr\/","name":"Bauen digital Schweiz \/ buildingSMART Switzerland","description":"","publisher":{"@id":"https:\/\/bauen-digital.ch\/fr\/#organization"},"potentialAction":[{"@type":"SearchAction","target":{"@type":"EntryPoint","urlTemplate":"https:\/\/bauen-digital.ch\/fr\/?s={search_term_string}"},"query-input":{"@type":"PropertyValueSpecification","valueRequired":true,"valueName":"search_term_string"}}],"inLanguage":"fr-FR"},{"@type":"Organization","@id":"https:\/\/bauen-digital.ch\/fr\/#organization","name":"Bauen digital Schweiz \/ buildingSMART Switzerland","url":"https:\/\/bauen-digital.ch\/fr\/","logo":{"@type":"ImageObject","inLanguage":"fr-FR","@id":"https:\/\/bauen-digital.ch\/fr\/#\/schema\/logo\/image\/","url":"https:\/\/bauen-digital.ch\/wp\/wp-content\/uploads\/Kombi_Logo_BdS_bSMART_jpg.jpg","contentUrl":"https:\/\/bauen-digital.ch\/wp\/wp-content\/uploads\/Kombi_Logo_BdS_bSMART_jpg.jpg","width":3882,"height":778,"caption":"Bauen digital Schweiz \/ buildingSMART Switzerland"},"image":{"@id":"https:\/\/bauen-digital.ch\/fr\/#\/schema\/logo\/image\/"},"sameAs":["https:\/\/www.linkedin.com\/company\/18609279\/admin\/dashboard\/"]}]}</script>
<!-- / Yoast SEO plugin. -->

VDC Intensivwoche - Bâtir digital Suisse / buildingSMART Switzerland

Übersicht und den Blick aufs Wesentliche behalten, das sind die Hauptziele der VDC Intensivwoche. Sie kann als eigenständiges Modul oder auch im Rahmen des VDC Certification Programs gebucht werden. Der ideale Anlass für einen kompakten und fundierten Kickstart ins Thema digitales Bauen, oder als Vertiefung für Personen, die bereits erste...

Bâtir digital Suisse / buildingSMART Switzerland

Événements
